 = 9*m - 5*m. What are the prime factors of m?
37, 61
Let f = -12 + 18. List the prime factors of (f/18)/((-4)/(-1044)).
3, 29
Suppose 2*u + 4755 = -5*b + 14595, -4*b + 4*u + 7872 = 0. List the prime factors of b.
2, 3, 41
Suppose 4*r + 15 - 496 = 3*o, -o + 501 = 4*r. Let w = 268 - r. What are the prime factors of w?
2, 3
Let n = 133 - 22. What are the prime factors of n?
3, 37
Suppose -140609 = 6*d - 59*d. What are the prime factors of d?
7, 379
Suppose -4*m - 3 + 7 = 0, 0 = -5*x + m - 81. Let s = 21 + x. Suppose 90 = -2*f + s*f. What are the prime factors of f?
2, 3, 5
Let v = 2238 - 1555. List the prime factors of v.
683
Let z be (-4)/8 + (-3453)/(-6). Let j be 2/(-8) + z/(-20). Let i = j - -66. What are the prime factors of i?
37
Let a(l) = -l**3 + l**2. Let x be a(2). Let i be 1 - (-1 - -4) - x. Suppose -3*b - 5*t = -21, -i*b + 3*b - 3*t = 7. List the prime factors of b.
7
Let o be (1*(-2)/(-1))/(29 - 28). Suppose -o*x + 99 = -x. List the prime factors of x.
3, 11
Let v be (-4)/8*(3 + -2)*0. Suppose 7*b - 10*b + 162 = v. List the prime factors of b.
2, 3
Let s(j) = -j**3 - 12*j**2 - 23*j - 5. Suppose -61 = 3*x + 5*y, -2*x - 8*y = -5*y + 39. What are the prime factors of s(x)?
271
Suppose 237 - 1938 = 9*n. Let h = 323 + n. What are the prime factors of h?
2, 67
Let p be ((-10)/4)/(2/(-116)). Let c = -53 + p. List the prime factors of c.
2, 23
Let f = 70 - 63. Suppose -f*o - 456 = -13*o. What are the prime factors of o?
2, 19
Let t be 3/(4/4) - 1. Suppose p - 2*p = -t. What are the prime factors of -1 - (-2 - p - 36)?
3, 13
Suppose 4*u + 12 = 2*z - 5*z, -z = 5*u + 15. Suppose j = -z + 8. Suppose -i + 5*i = j. What are the prime factors of i?
2
Let x be (-14)/(-6) - 10/30. Suppose 5*m - 315 = -0*m. Suppose -x*c + m = c. List the prime factors of c.
3, 7
Let s = -149 + 126. Let x = s + 94. List the prime factors of x.
71
Let j be (-4)/18 - (-130)/18. Let n(u) = -u**3 + 6*u**2 + 9*u - 6. Let z be n(j). Suppose 0 = -5*w + 33 - z. What are the prime factors of w?
5
Let u = 1805 - 1796. What are the prime factors of u?
3
Let k = 5 + 1. Let a be 1050/126 + 2/(-6). Let n = a - k. What are the prime factors of n?
2
What are the prime factors of 1743/27*5 - 22/(-99)?
17, 19
Suppose -12*m + 1710 + 29310 = 0. What are the prime factors of m?
5, 11, 47
Suppose -2*z = -4*f + 12 + 192, 0 = f - 5*z - 42. Suppose 2*t - t = f. What are the prime factors of t?
2, 13
Suppose -2*h - 8 - 36 = -3*x, -4*x + h + 67 = 0. What are the prime factors of 15 - (3 - 1/(3/x))?
2, 3
Let q = -11 + 12. What are the prime factors of (57/q)/(9/6)?
2, 19
Suppose n + 10 = z - n, 4*z + 5*n = 14. Suppose z = -4*p + 170. What are the prime factors of p?
41
Let k(j) = -6 + 3*j + 0*j + 9 - 1. Let h be k(-2). List the prime factors of -4 - h - -7*4.
2, 7
Let h(i) = 4*i**2 - 14*i + 40. What are the prime factors of h(9)?
2, 7, 17
Let i(p) = -4*p**3 + 5*p**3 + p**2 + 0*p**2. Let r(j) = -4*j**3 - 9*j**2 - 8*j + 8. Let v(d) = 5*i(d) + r(d). List the prime factors of v(6).
2
Suppose 0 = -7*d + 8138 - 2615. List the prime factors of d.
3, 263
Let c = -29 + 33. Suppose 0 = 5*k - 3*t - 33 + 8, c*k - 18 = 2*t. Suppose 0 = -k*d + 10, z + 0*d - 30 = d. What are the prime factors of z?
5, 7
Suppose -5*i - y + 7023 = 0, -4*i = 2*y - 2771 - 2845. List the prime factors of i.
5, 281
List the prime factors of (-96144)/(-32)*(-4)/(-6).
2003
Let b(v) = -v**2 + 5*v + 2. Let t be b(4). Let z be (-8)/6 + (-12)/(-9). Let l = z + t. List the prime factors of l.
2, 3
Let c(f) = f**3 - 6*f**2 - 6*f - 3. Let o be c(8). Suppose o = r + 17. What are the prime factors of r?
2, 3, 5
Let t = 938 - 177. List the prime factors of t.
761
Let t = -12 + 17. Suppose 3*v + 2 = -t*j + 15, 0 = -2*v + 2*j - 2. List the prime factors of -2*v/((-8)/20).
5
Let s(n) = -n + 6. Let k be s(-7). Let j(h) = h**3 - 13*h**2 + 2*h + 19. List the prime factors of j(k).
3, 5
Suppose 0 = 15*k - 2000 - 610. List the prime factors of k.
2, 3, 29
Suppose -108 = 3*r + 4*v - 10842, -4*v + 7152 = 2*r. List the prime factors of r.
2, 3, 199
Let v = 4 + 3. Let o = 6 - 0. Suppose -o*m = -v*m + 15. List the prime factors of m.
3, 5
Let i(v) = -v**3 - 10*v**2 - 12*v - 9. Let d be i(-9). Suppose -5*w + 3*g + 1 = -13, -g - d = -5*w. Suppose 220 = w*u - 64. List the prime factors of u.
71
Suppose 4*p + 77 = -19. Let d = 76 + p. List the prime factors of -2 - (4 - d)/3.
2, 7
Suppose 3*b = 2*b + 2*d - 6, -5*b + 6 = -d. Suppose -b*a = -4*a + 122. List the prime factors of a.
61
Let h = -146 - -150. Suppose 16 = 4*o, 9*c - 12*c - h*o = -280. What are the prime factors of c?
2, 11
Let b = 2478 - 1710. What are the prime factors of b?
2, 3
Suppose 0 = -3*f + 54 + 18. What are the prime factors of f?
2, 3
Suppose 20 - 2 = 6*k. Suppose -6*u = -k*u - 168. List the prime factors of (u/(-12))/(-7)*39.
2, 13
Let x be (16*-1)/((-6)/(-12)). Let c = -53 - x. Let b = c + 32. List the prime factors of b.
11
Suppose 0 = -5*t - 10, -3*s + 2073 = 4*t + 596. What are the prime factors of s/22*16/10?
2, 3
Let m(v) be the third derivative of v**4/24 - v**3/3 - v**2. Let o be m(7). Suppose -u - 3*j + o = 0, -3*u + 35 = -2*u - 3*j. List the prime factors of u.
2, 5
Suppose 2*n - h = 3*h + 34, 2*n - 30 = 3*h. Let q(g) = -2*g**3 + 17*g**2 + 21*g - 11. List the prime factors of q(n).
97
Suppose -5*o - 4*k + 1764 = -o, 5*k = o - 465. List the prime factors of o.
5, 89
Let w(j) = -246*j - 9. Let u(m) = -738*m - 26. Let g(z) = -2*u(z) + 7*w(z). List the prime factors of g(-1).
5, 47
Suppose -2*m - 4*g + 126 = 46, -5*m - 4*g + 182 = 0. Let a = -4 + m. List the prime factors of a.
2, 3, 5
Let g be -2*1/(-2) - 0. Let c(r) be the second derivative of 31*r**4/12 + r**3/6 - r**2/2 + r - 9. What are the prime factors of c(g)?
31
What are the prime factors of 2/(-3) - ((-21219)/9 - 4)?
3, 787
Let n = 819 - -204. What are the prime factors of n?
3, 11, 31
What are the prime factors of (-2047 + -3)/(21/3 - 8)?
2, 5, 41
Let q(c) = c**3 - 15*c**2 - 25*c + 15. List the prime factors of q(19).
2, 3, 41
Let c(w) = w**3 - 7*w**2 + 13*w + 13. What are the prime factors of c(8)?
181
Let u(c) = -c**2 - c. Let s(j) = 2*j**2 + 2*j + 11. Let o(q) = s(q) + 3*u(q). Suppose -3*m = -5*m. What are the prime factors of o(m)?
11
Let x(d) = -2*d**2 - 5*d + 4. Let i be x(-4). Let k = i - 12. What are the prime factors of (48/k)/(3/(-60))?
2, 3
Let v = 78 + -73. Suppose 0 = t - v, -5*i + 3*t + 922 + 453 = 0. What are the prime factors of i?
2, 139
Let p = -973 - -3500. What are the prime factors of p?
7, 19
Suppose -8*r + 4937 = -719. What are the prime factors of r?
7, 101
Let j be (40/(-25) + 2)*5. Suppose -j*u = 26 - 264. What are the prime factors of u?
7, 17
List the prime factors of (-1296)/32*(-3)/9*44.
2, 3, 11
Suppose -40608 = -38*l + 14*l. List the prime factors of l.
2, 3, 47
Suppose -637 - 2251 = -19*x. List the prime factors of x.
2, 19
Let v(l) = 44*l**2 - 5*l - 81. List the prime factors of v(-8).
3, 5, 37
Suppose -2*v = 669 - 5551. What are the prime factors of v?
2441
Suppose -2*x = 2*z - 24, 0 = 4*z - 5*x - 12. Let r(y) = -5*y + 6. Let v be r(z). Let o = v + 52. What are the prime factors of o?
2, 3
Let d = -621 - -1490. What are the prime factors of d?
11, 79
Let o be (-384)/(-80) + (-2)/(-10). Suppose 0 = 4*v + 5*x - 38 + 1, -o*v + 68 = -x. What are the prime factors of v?
13
Suppose 8*v = 3449 - 49. What are the prime factors of v?
5, 17
Let k(u) be the third derivative of u**4/3 - 7*u**3/6 - 7*u**2. Let o be k(3). Suppose -4 = -o*p + 15*p. List the prime factors of p.
2
Let g(z) be the third derivative of -z**5/60 + z**4 + 17*z**3/3 - 3*z**2 + 2*z. What are the prime factors of g(15)?
13
Let w(i) be the first derivative of i**4/4 - 8*i**3/3 - 9*i**2/2 + 15*i + 2. Let v be w(10). Suppose 0 = 5*m - v - 0. What are the prime factors of m?
5
Suppose 74 = 3*v - 1120. What are the prime factors of v?
2, 199
Suppose 0 = i - 3. Let t(s) = -5 + i*s - s - 1. What are the prime factors of t(7)?
2
Let k be 2/(15/(-3) - -3). Let r be (1 + 0)*k + -74. What are the prime factors of ((-8)/(-10))/((-10)/r)?
2, 3
Suppose 4*d - 1535 = -c, -d - 6225 = -2*c - 2*c. What are the prime factors of c?
5, 311
Let b be (1/3)/(1/12). Let k(m) = -3*m**2 + m - 1. Let j be k(b). Let h = -26 - j. List the prime factors of